{"id":9,"date":"2023-05-14T20:21:34","date_gmt":"2023-05-14T20:21:34","guid":{"rendered":"https:\/\/fabenglishschool.com\/?page_id=9"},"modified":"2023-06-07T23:14:33","modified_gmt":"2023-06-07T23:14:33","slug":"porfolio","status":"publish","type":"page","link":"https:\/\/fabenglishschool.com\/?page_id=9","title":{"rendered":"Niveles y metodolog\u00eda"},"content":{"rendered":"\n<div class=\"wp-block-cover alignfull\" style=\"min-height:583px\"><span aria-hidden=\"true\" class=\"wp-block-cover__background has-nv-site-bg-background-color has-background-dim-100 has-background-dim\"><\/span><div class=\"wp-block-cover__inner-container\">\n<div class=\"wp-block-group is-layout-flow\"><div class=\"wp-block-group__inner-container\">\n<h1 class=\"wp-block-heading has-text-align-center has-text-align-left has-neve-text-color-color has-text-color\">Niveles y metodolog\u00eda<\/h1>\n<\/div><\/div>\n\n\n\n<p class=\"has-neve-text-color-color has-text-color has-medium-font-size\">\ud83c\uddec\ud83c\udde7 La metodolog\u00eda de <strong>FAB! English school<\/strong> es principalmente comunicativa ya que la gran mayor\u00eda de los estudiantes se encuentran con dificultades en esta destreza.&nbsp;<\/p>\n\n\n\n<p class=\"has-neve-text-color-color has-text-color has-medium-font-size\">\ud83c\uddec\ud83c\udde7 Nuestro objetivo principal es que nuestros alumnos puedan llegar a comunicarse con fluidez y buena pronunciaci\u00f3n, y desenvolverse en diferentes entornos. Por supuesto, no nos olvidamos de que adquieras el vocabulario y gram\u00e1tica necesaria que te permita dominar cualquier situaci\u00f3n con soltura y confianza.<\/p>\n\n\n\n<p class=\"has-neve-text-color-color has-text-color has-medium-font-size\">\ud83c\uddec\ud83c\udde7 Te animaremos a participar activamente en las clases y alcanzaremos juntos tus objetivos.&nbsp;<\/p>\n\n\n\n<p class=\"has-neve-text-color-color has-text-color has-medium-font-size\">\ud83c\uddec\ud83c\udde7 El uso del espa\u00f1ol est\u00e1 prohibido dentro de las aulas y la comunicaci\u00f3n siempre ser\u00e1 en&nbsp; ingl\u00e9s.<\/p>\n<\/div><\/div>\n\n\n\n<div class=\"wp-block-cover alignfull\" style=\"min-height:843px\"><span aria-hidden=\"true\" class=\"wp-block-cover__background has-nv-site-bg-background-color has-background-dim-100 has-background-dim\"><\/span><div class=\"wp-block-cover__inner-container\">\n<div class=\"wp-block-group is-layout-flow\"><div class=\"wp-block-group__inner-container\">\n<div style=\"height:25px\" aria-hidden=\"true\" class=\"wp-block-spacer\"><\/div>\n\n\n\n<div class=\"wp-block-columns are-vertically-aligned-center is-layout-flex wp-container-6\">\n<div class=\"wp-block-column is-vertically-aligned-center is-layout-flow\" style=\"flex-basis:50%\">\n<figure class=\"wp-block-image size-large\"><img decoding=\"async\" loading=\"lazy\" width=\"1024\" height=\"685\" src=\"http:\/\/fabenglishschool.com\/wp-content\/uploads\/2023\/06\/feliz-chica-haciendo-gestos-clase-1024x685.jpg\" alt=\"\" class=\"wp-image-299\" srcset=\"https:\/\/fabenglishschool.com\/wp-content\/uploads\/2023\/06\/feliz-chica-haciendo-gestos-clase-1024x685.jpg 1024w, https:\/\/fabenglishschool.com\/wp-content\/uploads\/2023\/06\/feliz-chica-haciendo-gestos-clase-300x201.jpg 300w, https:\/\/fabenglishschool.com\/wp-content\/uploads\/2023\/06\/feliz-chica-haciendo-gestos-clase-768x514.jpg 768w, https:\/\/fabenglishschool.com\/wp-content\/uploads\/2023\/06\/feliz-chica-haciendo-gestos-clase-1536x1028.jpg 1536w, https:\/\/fabenglishschool.com\/wp-content\/uploads\/2023\/06\/feliz-chica-haciendo-gestos-clase-2048x1370.jpg 2048w\" sizes=\"(max-width: 1024px) 100vw, 1024px\" \/><\/figure>\n\n\n\n<div style=\"height:22px\" aria-hidden=\"true\" class=\"wp-block-spacer\"><\/div>\n\n\n\n<h3 class=\"wp-block-heading has-text-align-center has-neve-text-color-color has-text-color\">NI\u00d1OS<\/h3>\n\n\n\n<p class=\"has-text-align-center has-neve-text-color-color has-text-color\">El contacto con un segundo idioma a una temprana edad resulta muy exitoso ya que los ni\u00f1os cu\u00e1nto m\u00e1s peque\u00f1os son m\u00e1s receptivos.<\/p>\n\n\n\n<div class=\"wp-block-buttons is-content-justification-center is-layout-flex wp-container-2\">\n<div class=\"wp-block-button is-style-primary\"><a class=\"wp-block-button__link has-nv-site-bg-color has-text-color wp-element-button\" href=\"https:\/\/fabenglishschool.com\/?page_id=224\">SABER M\u00c1S<\/a><\/div>\n<\/div>\n\n\n\n<div style=\"height:40px\" aria-hidden=\"true\" class=\"wp-block-spacer\"><\/div>\n<\/div>\n\n\n\n<div class=\"wp-block-column is-vertically-aligned-center is-layout-flow\" style=\"flex-basis:50%\">\n<figure class=\"wp-block-image size-large\"><img decoding=\"async\" loading=\"lazy\" width=\"1024\" height=\"683\" src=\"http:\/\/fabenglishschool.com\/wp-content\/uploads\/2023\/06\/profesora-feliz-escuchando-sus-estudiantes-1024x683.jpg\" alt=\"\" class=\"wp-image-302\" srcset=\"https:\/\/fabenglishschool.com\/wp-content\/uploads\/2023\/06\/profesora-feliz-escuchando-sus-estudiantes-1024x683.jpg 1024w, https:\/\/fabenglishschool.com\/wp-content\/uploads\/2023\/06\/profesora-feliz-escuchando-sus-estudiantes-300x200.jpg 300w, https:\/\/fabenglishschool.com\/wp-content\/uploads\/2023\/06\/profesora-feliz-escuchando-sus-estudiantes-768x512.jpg 768w, https:\/\/fabenglishschool.com\/wp-content\/uploads\/2023\/06\/profesora-feliz-escuchando-sus-estudiantes-1536x1024.jpg 1536w, https:\/\/fabenglishschool.com\/wp-content\/uploads\/2023\/06\/profesora-feliz-escuchando-sus-estudiantes-2048x1365.jpg 2048w, https:\/\/fabenglishschool.com\/wp-content\/uploads\/2023\/06\/profesora-feliz-escuchando-sus-estudiantes-930x620.jpg 930w\" sizes=\"(max-width: 1024px) 100vw, 1024px\" \/><\/figure>\n\n\n\n<div style=\"height:22px\" aria-hidden=\"true\" class=\"wp-block-spacer\"><\/div>\n\n\n\n<h3 class=\"wp-block-heading has-text-align-center has-neve-text-color-color has-text-color\">J\u00d3VENES<\/h3>\n\n\n\n<p class=\"has-text-align-center has-neve-text-color-color has-text-color\">Estos cursos se dirigen a j\u00f3venes, entre 12 \u2013 18 a\u00f1os, que quieren llegar a tener un nivel m\u00e1s alto del que pueden alcanzar en el colegio\/instituto.<\/p>\n\n\n\n<div class=\"wp-block-buttons is-content-justification-center is-layout-flex wp-container-4\">\n<div class=\"wp-block-button is-style-primary\"><a class=\"wp-block-button__link has-nv-site-bg-color has-text-color wp-element-button\" href=\"https:\/\/fabenglishschool.com\/?page_id=238\">SABER M\u00c1S<\/a><\/div>\n<\/div>\n\n\n\n<div style=\"height:40px\" aria-hidden=\"true\" class=\"wp-block-spacer\"><\/div>\n<\/div>\n<\/div>\n<\/div><\/div>\n<\/div><\/div>\n\n\n\n<div class=\"wp-block-cover alignfull\" style=\"min-height:600px\"><span aria-hidden=\"true\" class=\"wp-block-cover__background has-nv-site-bg-background-color has-background-dim-100 has-background-dim\"><\/span><div class=\"wp-block-cover__inner-container\">\n<div class=\"wp-block-group is-layout-flow\"><div class=\"wp-block-group__inner-container\">\n<div class=\"wp-block-columns alignwide is-layout-flex wp-container-10\">\n<div class=\"wp-block-column is-vertically-aligned-center is-layout-flow\" style=\"flex-basis:50%\">\n<figure class=\"wp-block-image size-large\"><img decoding=\"async\" loading=\"lazy\" width=\"1024\" height=\"683\" src=\"http:\/\/fabenglishschool.com\/wp-content\/uploads\/2023\/05\/English-school-getafe-1024x683.jpg\" alt=\"\" class=\"wp-image-147\" srcset=\"https:\/\/fabenglishschool.com\/wp-content\/uploads\/2023\/05\/English-school-getafe-1024x683.jpg 1024w, https:\/\/fabenglishschool.com\/wp-content\/uploads\/2023\/05\/English-school-getafe-300x200.jpg 300w, https:\/\/fabenglishschool.com\/wp-content\/uploads\/2023\/05\/English-school-getafe-768x512.jpg 768w, https:\/\/fabenglishschool.com\/wp-content\/uploads\/2023\/05\/English-school-getafe-1536x1024.jpg 1536w, https:\/\/fabenglishschool.com\/wp-content\/uploads\/2023\/05\/English-school-getafe-2048x1366.jpg 2048w, https:\/\/fabenglishschool.com\/wp-content\/uploads\/2023\/05\/English-school-getafe-930x620.jpg 930w\" sizes=\"(max-width: 1024px) 100vw, 1024px\" \/><\/figure>\n\n\n\n<div style=\"height:22px\" aria-hidden=\"true\" class=\"wp-block-spacer\"><\/div>\n\n\n\n<h3 class=\"wp-block-heading has-text-align-center has-neve-text-color-color has-text-color\">ADULTOS<\/h3>\n\n\n\n<p class=\"has-text-align-center has-neve-text-color-color has-text-color\">\u00bfTienes una entrevista de trabajo y necesitas refrescar tu nivel de ingl\u00e9s?\u00bfTu empresa necesita que aprendas ingl\u00e9s para un futuro proyecto?<\/p>\n\n\n\n<div class=\"wp-block-buttons is-content-justification-center is-layout-flex wp-container-8\">\n<div class=\"wp-block-button is-style-primary\"><a class=\"wp-block-button__link has-nv-site-bg-color has-text-color wp-element-button\" href=\"https:\/\/fabenglishschool.com\/?page_id=269\">SABER M\u00c1S<\/a><\/div>\n<\/div>\n\n\n\n<div style=\"height:40px\" aria-hidden=\"true\" class=\"wp-block-spacer\"><\/div>\n<\/div>\n<\/div>\n\n\n\n<div style=\"height:0px\" aria-hidden=\"true\" class=\"wp-block-spacer\"><\/div>\n<\/div><\/div>\n<\/div><\/div>\n","protected":false},"excerpt":{"rendered":"","protected":false},"author":1,"featured_media":0,"parent":0,"menu_order":0,"comment_status":"closed","ping_status":"closed","template":"","meta":{"neve_meta_sidebar":"","neve_meta_container":"","neve_meta_enable_content_width":"on","neve_meta_content_width":100,"neve_meta_title_alignment":"","neve_meta_author_avatar":"","neve_post_elements_order":"","neve_meta_disable_header":"","neve_meta_disable_footer":"","neve_meta_disable_title":"on"},"_links":{"self":[{"href":"https:\/\/fabenglishschool.com\/index.php?rest_route=\/wp\/v2\/pages\/9"}],"collection":[{"href":"https:\/\/fabenglishschool.com\/index.php?rest_route=\/wp\/v2\/pages"}],"about":[{"href":"https:\/\/fabenglishschool.com\/index.php?rest_route=\/wp\/v2\/types\/page"}],"author":[{"embeddable":true,"href":"https:\/\/fabenglishschool.com\/index.php?rest_route=\/wp\/v2\/users\/1"}],"replies":[{"embeddable":true,"href":"https:\/\/fabenglishschool.com\/index.php?rest_route=%2Fwp%2Fv2%2Fcomments&post=9"}],"version-history":[{"count":34,"href":"https:\/\/fabenglishschool.com\/index.php?rest_route=\/wp\/v2\/pages\/9\/revisions"}],"predecessor-version":[{"id":304,"href":"https:\/\/fabenglishschool.com\/index.php?rest_route=\/wp\/v2\/pages\/9\/revisions\/304"}],"wp:attachment":[{"href":"https:\/\/fabenglishschool.com\/index.php?rest_route=%2Fwp%2Fv2%2Fmedia&parent=9"}],"curies":[{"name":"wp","href":"https:\/\/api.w.org\/{rel}","templated":true}]}}