{"id":269,"date":"2023-05-28T10:07:47","date_gmt":"2023-05-28T10:07:47","guid":{"rendered":"https:\/\/fabenglishschool.com\/?page_id=269"},"modified":"2023-06-08T08:12:47","modified_gmt":"2023-06-08T08:12:47","slug":"para-adultos","status":"publish","type":"page","link":"https:\/\/fabenglishschool.com\/?page_id=269","title":{"rendered":"Para adultos"},"content":{"rendered":"\n<div class=\"wp-block-cover alignwide\" style=\"min-height:254px\"><span aria-hidden=\"true\" class=\"wp-block-cover__background has-nv-site-bg-background-color has-background-dim-100 has-background-dim\"><\/span><div class=\"wp-block-cover__inner-container\">\n<p class=\"has-neve-text-color-color has-text-color has-medium-font-size\">\ud83c\uddec\ud83c\udde7 \u00bfTienes una entrevista de trabajo y necesitas refrescar tu nivel de ingl\u00e9s?\u00bfTu empresa necesita que aprendas ingl\u00e9s para un futuro proyecto? \u00bfTe vas de vacaciones y quieres poder comunicarte con los nativos del pa\u00eds? \u00bfTe gusta&nbsp; estudiar idiomas y lo haces por puro placer?<\/p>\n\n\n\n<p class=\"has-neve-text-color-color has-text-color has-medium-font-size\">\ud83c\uddec\ud83c\udde7 <strong>Sea cual sea tu motivo, en FAB! English school te podemos ayudar.&nbsp;<\/strong><\/p>\n\n\n\n<p class=\"has-neve-text-color-color has-text-color has-medium-font-size\">\ud83c\uddec\ud83c\udde7 Nuestro objetivo principal es que los alumnos puedan comunicarse en el idioma con fluidez y buena pronunciaci\u00f3n. Hacemos hincapi\u00e9 en el uso natural del idioma y queremos que nuestros alumnos se comuniquen con total confianza.<\/p>\n\n\n\n<h2 class=\"wp-block-heading has-neve-link-color-color has-text-color\">\ud83c\uddec\ud83c\udde7 Caracter\u00edsticas de los cursos<\/h2>\n\n\n\n<div class=\"wp-block-cover alignwide\" style=\"min-height:1022px\"><span aria-hidden=\"true\" class=\"wp-block-cover__background has-nv-site-bg-background-color has-background-dim-100 has-background-dim\"><\/span><div class=\"wp-block-cover__inner-container\">\n<div class=\"wp-block-group is-layout-flow\"><div class=\"wp-block-group__inner-container\">\n<div style=\"height:0px\" aria-hidden=\"true\" class=\"wp-block-spacer\"><\/div>\n\n\n\n<div class=\"wp-block-columns alignwide are-vertically-aligned-center is-layout-flex wp-container-3\">\n<div class=\"wp-block-column is-vertically-aligned-center is-layout-flow\" style=\"flex-basis:100%\">\n<h3 class=\"wp-block-heading has-text-align-center has-neve-text-color-color has-text-color\">ADULTS<\/h3>\n\n\n\n<figure class=\"wp-block-image size-large\"><img decoding=\"async\" loading=\"lazy\" width=\"1024\" height=\"683\" src=\"http:\/\/fabenglishschool.com\/wp-content\/uploads\/2023\/05\/English-school-getafe-1024x683.jpg\" alt=\"\" class=\"wp-image-147\" srcset=\"https:\/\/fabenglishschool.com\/wp-content\/uploads\/2023\/05\/English-school-getafe-1024x683.jpg 1024w, https:\/\/fabenglishschool.com\/wp-content\/uploads\/2023\/05\/English-school-getafe-300x200.jpg 300w, https:\/\/fabenglishschool.com\/wp-content\/uploads\/2023\/05\/English-school-getafe-768x512.jpg 768w, https:\/\/fabenglishschool.com\/wp-content\/uploads\/2023\/05\/English-school-getafe-1536x1024.jpg 1536w, https:\/\/fabenglishschool.com\/wp-content\/uploads\/2023\/05\/English-school-getafe-2048x1366.jpg 2048w, https:\/\/fabenglishschool.com\/wp-content\/uploads\/2023\/05\/English-school-getafe-930x620.jpg 930w\" sizes=\"(max-width: 1024px) 100vw, 1024px\" \/><\/figure>\n\n\n\n<p><\/p>\n\n\n\n<p class=\"has-text-align-center has-neve-text-color-color has-text-color has-medium-font-size\">La mayor\u00eda de los alumnos adultos necesitan adquirir nivel en el menor tiempo posible. Por esta raz\u00f3n, nuestras clases son ante todo muy pr\u00e1cticas y din\u00e1micas. Damos importancia a la parte oral del idioma pero no prescindimos de la gram\u00e1tica, la lectura y la escritura. No obstante, cualquier actividad que hacemos en el aula, tratamos que sea de la manera m\u00e1s comunicativa posible y siempre hablando en ingl\u00e9s. A trav\u00e9s de innumerables actividades, juegos de comunicaci\u00f3n y libros de apoyo, logramos que puedas defenderte frente a situaciones cada vez m\u00e1s complejas.<\/p>\n\n\n\n<p class=\"has-neve-link-color-color has-text-color has-medium-font-size\">Tambi\u00e9n se ofrecen clases de <strong>Conversaci\u00f3n<\/strong>, enfocadas <strong>exclusivamente<\/strong> a la comunicaci\u00f3n.<\/p>\n\n\n\n<div class=\"wp-block-buttons is-content-justification-center is-layout-flex wp-container-1\"><\/div>\n<\/div>\n<\/div>\n<\/div><\/div>\n<\/div><\/div>\n\n\n\n<h2 class=\"wp-block-heading has-neve-link-color-color has-text-color\">\ud83d\udc69\ud83c\udffc\u200d\ud83c\udfeb Grupos y niveles<\/h2>\n\n\n\n<p class=\"has-neve-link-color-color has-text-color has-medium-font-size\">\ud83c\uddec\ud83c\udde7 Para cubrir los objetivos de los cursos, todos los niveles del centro, cuentan con un m\u00e1ximo de 6 alumnos por clase para poder dar la atenci\u00f3n adecuada al alumnado. Un n\u00famero tan reducido de estudiantes por aula, permite practicar el idioma m\u00e1s activamente y clarificar las dudas individuales de cada alumno.<\/p>\n\n\n\n<p class=\"has-neve-link-color-color has-text-color has-medium-font-size\">\ud83c\uddec\ud83c\udde7 Se ofrece clases de todos los niveles, desde principiante total hasta avanzado. Todos los alumnos de un mismo grupo tienen un nivel homog\u00e9neo. Al matricularse en el centro, es imprescindible realizar un test de nivel para poder asignarle el grupo correspondiente.<\/p>\n\n\n\n<h2 class=\"wp-block-heading has-neve-link-color-color has-text-color\">\ud83d\udcda Seguimiento<\/h2>\n\n\n\n<p class=\"has-neve-link-color-color has-text-color has-medium-font-size\">\ud83c\uddec\ud83c\udde7 La evaluaci\u00f3n es continua por lo que pueden introducirse de forma inmediata las modificaciones para optimizar el proceso y los resultados obtenidos.<\/p>\n\n\n\n<h2 class=\"wp-block-heading has-neve-link-color-color has-text-color\">\ud83d\udcc6 Horarios y calendario<\/h2>\n\n\n\n<p class=\"has-neve-link-color-color has-text-color has-medium-font-size\">\ud83c\uddec\ud83c\udde7 Los cursos se organizan en 2 clases semanales de 1 hora cada una, lunes y mi\u00e9rcoles o martes y jueves. Tambi\u00e9n existe la posibilidad de venir \u00fanicamente los viernes, 2 horas seguidas.&nbsp;<\/p>\n\n\n\n<p class=\"has-neve-link-color-color has-text-color has-medium-font-size\">\ud83c\uddec\ud83c\udde7Las clases siguen la estructura del a\u00f1o escolar, empezando a finales de junio, con vacaciones en Navidad y Semana Santa. No son lectivos los festivos correspondientes al municipio de Getafe.<\/p>\n\n\n\n<p><\/p>\n<\/div><\/div>\n","protected":false},"excerpt":{"rendered":"","protected":false},"author":1,"featured_media":0,"parent":0,"menu_order":0,"comment_status":"closed","ping_status":"closed","template":"","meta":{"neve_meta_sidebar":"","neve_meta_container":"","neve_meta_enable_content_width":"","neve_meta_content_width":0,"neve_meta_title_alignment":"","neve_meta_author_avatar":"","neve_post_elements_order":"","neve_meta_disable_header":"","neve_meta_disable_footer":"","neve_meta_disable_title":""},"_links":{"self":[{"href":"https:\/\/fabenglishschool.com\/index.php?rest_route=\/wp\/v2\/pages\/269"}],"collection":[{"href":"https:\/\/fabenglishschool.com\/index.php?rest_route=\/wp\/v2\/pages"}],"about":[{"href":"https:\/\/fabenglishschool.com\/index.php?rest_route=\/wp\/v2\/types\/page"}],"author":[{"embeddable":true,"href":"https:\/\/fabenglishschool.com\/index.php?rest_route=\/wp\/v2\/users\/1"}],"replies":[{"embeddable":true,"href":"https:\/\/fabenglishschool.com\/index.php?rest_route=%2Fwp%2Fv2%2Fcomments&post=269"}],"version-history":[{"count":4,"href":"https:\/\/fabenglishschool.com\/index.php?rest_route=\/wp\/v2\/pages\/269\/revisions"}],"predecessor-version":[{"id":321,"href":"https:\/\/fabenglishschool.com\/index.php?rest_route=\/wp\/v2\/pages\/269\/revisions\/321"}],"wp:attachment":[{"href":"https:\/\/fabenglishschool.com\/index.php?rest_route=%2Fwp%2Fv2%2Fmedia&parent=269"}],"curies":[{"name":"wp","href":"https:\/\/api.w.org\/{rel}","templated":true}]}}